it of 393581?
3
What is the hundreds digit of 13552231?
2
What is the ten thousands digit of 139805?
3
What is the tens digit of 35024?
2
What is the millions digit of 4826110?
4
What is the units digit of 1925427?
7
What is the thousands digit of 379981?
9
What is the hundreds digit of 69480?
4
What is the hundred thousands digit of 7012457?
0
What is the tens digit of 791359?
5
What is the units digit of 1206898?
8
What is the tens digit of 1278167?
6
What is the ten thousands digit of 10292895?
9
What is the thousands digit of 499404?
9
What is the tens digit of 876308?
0
What is the tens digit of 401537?
3
What is the millions digit of 23286689?
3
What is the ten thousands digit of 411262?
1
What is the tens digit of 18966900?
0
What is the ten thousands digit of 293509?
9
What is the tens digit of 1473346?
4
What is the hundreds digit of 166385?
3
What is the thousands digit of 830273?
0
What is the hundreds digit of 425835?
8
What is the tens digit of 56510?
1
What is the millions digit of 21317736?
1
What is the ten thousands digit of 12896682?
9
What is the hundreds digit of 116285?
2
What is the tens digit of 778678?
7
What is the hundred thousands digit of 868433?
8
What is the ten thousands digit of 3067734?
6
What is the thousands digit of 21554?
1
What is the hundred thousands digit of 1328510?
3
What is the tens digit of 1127277?
7
What is the thousands digit of 478657?
8
What is the tens digit of 22128338?
3
What is the thousands digit of 1063452?
3
What is the ten thousands digit of 1876069?
7
What is the millions digit of 7109178?
7
What is the units digit of 19310747?
7
What is the hundreds digit of 2820098?
0
What is the thousands digit of 54687?
4
What is the units digit of 167287?
7
What is the units digit of 158009?
9
What is the ten thousands digit of 223024?
2
What is the millions digit of 7678453?
7
What is the hundreds digit of 4783765?
7
What is the ten millions digit of 35466109?
3
What is the hundred thousands digit of 654201?
6
What is the tens digit of 1674757?
5
What is the hundreds digit of 876271?
2
What is the millions digit of 18773796?
8
What is the hundred thousands digit of 7110239?
1
What is the tens digit of 143282?
8
What is the ten thousands digit of 7250187?
5
What is the millions digit of 2080774?
2
What is the ten thousands digit of 3861731?
6
What is the tens digit of 848582?
8
What is the thousands digit of 2816538?
6
What is the hundreds digit of 792299?
2
What is the hundred thousands digit of 1387328?
3
What is the hundred thousands digit of 1088254?
0
What is the tens digit of 1112081?
8
What is the hundreds digit of 5346698?
6
What is the ten thousands digit of 57834?
5
What is the hundred thousands digit of 456254?
4
What is the hundreds digit of 25862?
8
What is the hundred thousands digit of 10701813?
7
What is the hundred thousands digit of 1590152?
5
What is the hundred thousands digit of 1582499?
5
What is the units digit of 17729?
9
What is the tens digit of 1204492?
9
What is the millions digit of 2476381?
2
What is the thousands digit of 929195?
9
What is the hundreds digit of 161385?
3
What is the tens digit of 383003?
0
What is the units digit of 3144575?
5
What is the tens digit of 9582796?
9
What is the millions digit of 4999719?
4
What is the hundreds digit of 9835627?
6
What is the tens digit of 18628482?
8
What is the tens digit of 3053041?
4
What is the hundreds digit of 3323023?
0
What is the hundreds digit of 482648?
6
What is the hundreds digit of 26581861?
8
What is the hundreds digit of 2035440?
4
What is the hundred thousands digit of 1453943?
4
What is the hundred thousands digit of 2849700?
8
What is the hundreds digit of 2228317?
3
What is the ten thousands digit of 7607234?
0
What is the millions digit of 7071542?
7
What is the units digit of 58973?
3
What is the ten thousands digit of 1661165?
6
What is the hundreds digit of 108975?
9
What is the hundred thousands digit of 175815?
1
What is the hundred thousands digit of 159864?
1
What is the tens digit of 42682?
8
What is the ten thousands digit of 585378?
8
What is the ten thousands digit of 276090?
7
What is the ten thousands digit of 9071515?
7
What is the thousands digit of 970147?
0
What is the hundred thousands digit of 3243732?
2
What is the millions digit of 6646516?
6
What is the thousands digit of 388768?
8
What is the hundreds digit of 792941?
9
What is the millions digit of 1030671?
1
What is the thousands digit of 822412?
2
What is the thousands digit of 189743?
9
What is the hundreds digit of 11284919?
9
What is the hundred thousands digit of 512831?
5
What is the tens digit of 228987?
8
What is the millions digit of 9987008?
9
What is the tens digit of 181252?
5
What is the tens digit of 1445475?
7
What is the thousands digit of 9509404?
9
What is the hundreds digit of 2751009?
0
What is the thousands digit of 1788058?
8
What is the hundreds digit of 1068644?
6
What is the thousands digit of 9790785?
0
What is the hundreds digit of 294440?
4
What is the thousands digit of 38129481?
9
What is the thousands digit of 1748297?
8
What is the ten thousands digit of 163361?
6
What is the tens digit of 1046811?
1
What is the hundreds digit of 1102763?
7
What is the hundred thousands digit of 3671970?
6
What is the ten thousands digit of 36208?
3
What is the units digit of 4294685?
5
What is the units digit of 6982775?
5
What is the thousands digit of 3426133?
6
What is the hundreds digit of 433432?
4
What is the ten thousands digit of 940656?
4
What is the units digit of 2126419?
9
What is the ten millions digit of 12337710?
1
What is the units digit of 572005?
5
What is the tens digit of 3489008?
0
What is the hundred thousands digit of 268794?
2
What is the thousands digit of 1768315?
8
What is the hundred thousands digit of 1683301?
6
What is the thousands digit of 92535?
2
What is the hundreds digit of 3084454?
4
What is the units digit of 28213062?
2
What is the millions digit of 1483599?
1
What is the hundred thousands digit of 238069?
2
What is the millions digit of 5197869?
5
What is the ten millions digit of 10527426?
1
What is the hundreds digit of 6967231?
2
What is the hundreds digit of 119601?
6
What is the hundred thousands digit of 498195?
4
What is the thousands digit of 191763?
1
What is the tens digit of 3454807?
0
What is the hundreds digit of 355642?
6
What is the ten thousands digit of 13883597?
8
What is the thousands digit of 48183?
8
What is the units digit of 2262584?
4
What is the hundred thousands digit of 16486239?
4
What is the units digit of 26092245?
5
What is the units digit of 5437200?
0
What is the ten thousands digit of 17533?
1
What is the tens digit of 543258?
5
What is the tens digit of 3835065?
6
What is the ten thousands digit of 24868841?
6
What is the thousands digit of 1236138?
6
What is the hundreds digit of 24313552?
5
What is the tens digit of 175585?
8
What is the thousands digit of 368570?
8
What is the hundred thousands digit of 793555?
7
What is the units digit of 8750765?
5
What is the tens digit of 435615?
1
What is the hundreds digit of 3548008?
0
What is the ten thousands digit of 616560?
1
What is the hundred thousands digit of 7739903?
7
What is the thousands digit of 7773?
7
What is the hundred thousands digit of 900368?
9
What is the hundreds digit of 1289068?
0
What is the hundreds digit of 2152330?
3
What is the millions digit of 15425457?
5
What is the ten thousands digit of 721133?
2
What is the tens digit of 203412?
1
What is the ten thousands digit of 837821?
3
What is the units digit of 29216?
6
What is the units digit of 1874164?
4
What is the tens digit of 1230473?
7
What is the thousands digit of 2308941?
8
What is the tens digit of 1070534?
3
What is the hundred thousands digit of 15375011?
3
What is the tens digit of 590739?
3
What is the hundred thousands digit of 4219739?
2
What is the hundreds digit of 18967472?
4
What is the thousands digit of 136237?
6
What is the thousands digit of 92676?
2
What is the hundreds digit of 6937333?
3
What is the tens digit of 6195714?
1
What is the ten thousands digit of 366861?
6
What is the tens digit of 621733?
3
What is the units digit of 1733402?
2
What is the hundreds digit of 46626?
6
What